at is -30 + 1221500?
1221430
In base 14, what is -3 - 343ac?
-343b1
In base 15, what is -2 + -1dbe?
-1dc1
In base 15, what is 2e - -e56?
e85
In base 9, what is -1070132 + 4?
-1070127
In base 14, what is 15 + -1c93?
-1c7c
In base 8, what is 4 + -120245?
-120241
In base 12, what is -2b + 10b45?
10b16
In base 5, what is -10 - -14242?
14232
In base 14, what is -94 - 1?
-95
In base 6, what is 100 - 122414?
-122314
In base 4, what is 11 - 321321101?
-321321030
In base 6, what is -24 + -532025?
-532053
In base 12, what is -2 - -134491?
13448b
In base 4, what is 3 - 203310?
-203301
In base 4, what is -1112020022 + 100?
-1112013322
In base 2, what is 10010011001110011 + 0?
10010011001110011
In base 10, what is -4 - 35804?
-35808
In base 13, what is 4c - 492?
-443
In base 13, what is -b66 + 71?
-ac5
In base 16, what is 7aa6 + -8?
7a9e
In base 4, what is -21 - -1022131?
1022110
In base 10, what is -777 - -233?
-544
In base 6, what is 1051 + -52522?
-51431
In base 13, what is a + -1907?
-18ca
In base 11, what is 0 + 218418?
218418
In base 13, what is 4 + 3b940?
3b944
In base 6, what is 2523500 - -2?
2523502
In base 2, what is 1 + -10000101111001001?
-10000101111001000
In base 16, what is 1a89 + 8?
1a91
In base 2, what is 0 + 1011111010101001?
1011111010101001
In base 2, what is -10011101000 - 1110110?
-10101011110
In base 8, what is -40345 - 0?
-40345
In base 8, what is 6274 - 157?
6115
In base 6, what is 20045 + 335?
20424
In base 3, what is -100 - 11222?
-12022
In base 8, what is -243 - -32?
-211
In base 5, what is 241 + 1121?
1412
In base 16, what is 45d - 5?
458
In base 15, what is -6 + -1330c?
-13313
In base 8, what is 6355014 + 0?
6355014
In base 3, what is 12100121 + -21?
12100100
In base 14, what is -5 - 97b8?
-97bd
In base 16, what is -39b41d + 2?
-39b41b
In base 10, what is -266 - 52?
-318
In base 10, what is 5 + -111905?
-111900
In base 4, what is 11310 - 2331?
2313
In base 9, what is -85688 + 5?
-85683
In base 10, what is -1371 - -25?
-1346
In base 5, what is -44411 - 1023?
-100434
In base 16, what is 2d - -3b00?
3b2d
In base 10, what is 4 + -356529?
-356525
In base 15, what is 119c - -a?
11a7
In base 2, what is -1101000001100001 + 1?
-1101000001100000
In base 6, what is 2332 + 32214?
34550
In base 5, what is 424444 - 33?
424411
In base 7, what is 36 + 414?
453
In base 10, what is -2 + -53150?
-53152
In base 6, what is 33 - -3211?
3244
In base 16, what is -818f - -a?
-8185
In base 8, what is -34560 + 0?
-34560
In base 5, what is -22 - 124243?
-124320
In base 2, what is 1100000 - 1010101?
1011
In base 10, what is 288 + 165?
453
In base 13, what is 0 - -19ac?
19ac
In base 7, what is -22016 + -102?
-22121
In base 15, what is 2 - 17002?
-17000
In base 8, what is 417 - -1020?
1437
In base 15, what is 5d15 - -97?
5dac
In base 15, what is 67 - -198?
210
In base 16, what is -1f1126 - 2?
-1f1128
In base 14, what is -4 + 121d3?
121cd
In base 3, what is 100 + 2020010100?
2020010200
In base 7, what is -53105 + 146?
-52626
In base 2, what is 0 + 1110010110?
1110010110
In base 3, what is 22 + -10021111?
-10021012
In base 6, what is -3010 + -2220?
-5230
In base 7, what is -4150 - 65?
-4245
In base 6, what is 253 + 1554?
2251
In base 2, what is 11 - 10010000000111001?
-10010000000110110
In base 12, what is 69a - 33?
667
In base 3, what is 11 + 100200210112?
100200210200
In base 9, what is -5 - 517312?
-517317
In base 14, what is 135a7 + -6?
135a1
In base 6, what is 1 + 154231?
154232
In base 14, what is -1b1ac + b?
-1b1a1
In base 4, what is -130 - 112131331?
-112132121
In base 2, what is -1010010 + -11100011001?
-11101101011
In base 7, what is 254 - 6336?
-6052
In base 15, what is -c46 - -181?
-ab5
In base 6, what is -3053215 + -3?
-3053222
In base 9, what is 12773 + -33?
12740
In base 13, what is 0 + 1302?
1302
In base 15, what is -36817 - 1?
-36818
In base 2, what is -101010100011011011 - 100?
-101010100011011111
In base 15, what is -48d7 - -1?
-48d6
In base 3, what is -21111 - 11021202?
-11120020
In base 13, what is -2b334 - a?
-2b341
In base 16, what is -b + -9af?
-9ba
In base 16, what is 1 + 1fc9?
1fca
In base 3, what is -1001 - -201012022?
201011021
In base 11, what is -3 + 206934?
206931
In base 11, what is -339aa + 2?
-339a8
In base 16, what is -7599c - 3?
-7599f
In base 2, what is -110 + -11000111110110011?
-11000111110111001
In base 9, what is -3 + 160841?
160837
In base 16, what is 7 + 2f82d?
2f834
In base 11, what is -3 + 26?
23
In base 11, what is 5 + -11aa5?
-11aa0
In base 15, what is 5c1c7 - 2?
5c1c5
In base 3, what is 11201 - -10111?
22012
In base 7, what is -10 - -124205?
124165
In base 16, what is 1f7b + c?
1f87
In base 5, what is -2 - 22110032?
-22110034
In base 15, what is 25 - 10ed?
-10c8
In base 2, what is 1 - -100111000010101?
100111000010110
In base 14, what is 116 + 63?
179
In base 9, what is -247 + -804?
-1152
In base 15, what is -3c11 - 37?
-3c48
In base 10, what is 1420794 - 5?
1420789
In base 14, what is 7 + -158b5?
-158ac
In base 16, what is -3032 + 5?
-302d
In base 3, what is 1110022 - 10100?
1022222
In base 6, what is 10 + 2050?
2100
In base 6, what is -304055 + -2?
-304101
In base 14, what is 2 - -3302db?
3302dd
In base 9, what is 7411 - -3?
7414
In base 16, what is -8 - 4d0?
-4d8
In base 10, what is 15 - 6790?
-6775
In base 12, what is 342b - 22?
3409
In base 8, what is -27042 + 574?
-26246
In base 2, what is 1001011101 + -1110101101?
-101010000
In base 11, what is -247 - -5468?
5221
In base 7, what is 14230330 - -1?
14230331
In base 2, what is 101 + -111111100100111?
-111111100100010
In base 5, what is -11441 - 10101?
-22042
In base 6, what is -2 + 32305400?
32305354
In base 11, what is 62294 - 5?
6228a
In base 7, what is -5 + -5503?
-5511
In base 5, what is -10441 + 12222?
1231
In base 7, what is -4 - 102550?
-102554
In base 15, what is -274 - -1e75?
1c01
In base 4, what is -3311031121 - -10?
-3311031111
In base 12, what is -9 - -2bb?
2b2
In base 8, what is 672 + -340?
332
In base 4, what is -101112 + -133?
-101311
In base 11, what is 320a4 - 4?
320a0
In base 6, what is 151140 - 5?
151131
In base 13, what is -2107 + b?
-20c9
In base 15, what is -2 + 14294?
14292
In base 11, what is -42835 + -10?
-42845
In base 13, what is 4b8 + 84?
56c
In base 3, what is 1010011 - 10210122?
-2200111
In base 9, what is 4205 - 66?
4128
In base 15, what is -35 + -308e?
-30c4
In base 4, what is -22312021 + -1?
-22312022
In base 3, what is -11 + 10220210101?
10220210020
In base 7, what is -20 + -402205?
-402225
In base 9, what is -16 + 24062?
24045
In base 13, what is -4568 + 213?
-4355
In base 11, what is -534 + -66?
-59a
In base 10, what is 0 - -40982?
40982
In base 12, what is 2a4b + -b?
2a40
In base 8, what is -737 - 1076?
-2035
In base 6, what is 53 + -201325?
-201232
In base 7, what is -13122 + -44?
-13166
In base 14, what is a567 + -85?
a4c2
In base 5, what is -14 - -100030012?
100024443
In base 6, what is -23343 + -24?
-23411
In base 12, what is 6127 + -3?
6124
In base 12, what is -1b + a18?
9b9
In base 13, what is 0 - 1888?
-1888
In base 6, what is 10 - 133420?
-133410
In base 7, what is 31 - -121?
152
In base 13, what is -2 - -67?
65
In base 7, what is 2016 + 1452?
3501
In base 14, what is 5588 - -2?
558a
In base 8, what is -66032 + 24?
-66006
In base 13, what is 107 - -29?
133
In base 11, what is 146 + -4a7?
-361
In base 5, what is 0 + 222414111?
222414111
In base 3, what is 1120 - -2210112210?
2210121100
In base 5, what is -2 - 104103?
-104110
In base 8, what is 35266 + -4?
35262
In base 4, what is 11302103001 + -3?
11302102332
In base 8, what is 152 - 47310?
-47136
In base 2, what is 10011100101000000110 - -11?
10011100101000001001
In base 11, what is 1a1 + 1a5?
396
In base 5, what is -130310 + 132?
-130123
In base 11, what is 11 + 1413?
1424
In base 2, what is 11 + 10011001110?
10011010001
In base 9, what is 2262 - -41?
2313
In base 9, what is 87058 + -5?
87053
In base 9, what is 381810 + 5?
381815
In base 11, what is -306990 + -4?
-306994
In base 6, what is -3423355 - -3?
-3423352
In base 5, what is 2 - 24222?
-24220
In base 13, what is -40b9 + -5a?
-4146
In base 2, what is -100110111001000001001 - -100?
-100110111001000000101
In base 11, what is -59 + -785?
-833
In base 6, what is -5501151 + 0?
-5501151
In base 13, what is -